 2e0 - 25?
2bb
In base 6, what is 33 + -1051530?
-1051453
In base 15, what is -4a77 - -1?
-4a76
In base 4, what is -22010002 + 203?
-22003133
In base 14, what is -56968a + 3?
-569687
In base 16, what is 0 - -2dd?
2dd
In base 4, what is -120 + -311131?
-311311
In base 3, what is -1010222200 - -12?
-1010222111
In base 13, what is -820485 + 3?
-820482
In base 10, what is -167 + 93?
-74
In base 3, what is 122202010 - -100?
122202110
In base 2, what is 11110000111011010011 - 101?
11110000111011001110
In base 10, what is -393 + 64?
-329
In base 7, what is -522016 + -1?
-522020
In base 6, what is 25 - 1244155?
-1244130
In base 4, what is -10 - 1211103?
-1211113
In base 10, what is 4 + -99497?
-99493
In base 8, what is 7224 + -110?
7114
In base 3, what is -221222 - -220101?
-1121
In base 15, what is -2 + -220618?
-22061a
In base 3, what is -1012200102222002 + 2?
-1012200102222000
In base 2, what is 10111001111 + -101100111101?
-10101101110
In base 15, what is 1156 + 1?
1157
In base 3, what is -112220012 + -1000?
-112221012
In base 16, what is -5 - 29f9c?
-29fa1
In base 16, what is -6c + -e1?
-14d
In base 10, what is -2 + 357070?
357068
In base 7, what is -16411524 - -1?
-16411523
In base 3, what is 2210 + 11121022?
11201002
In base 5, what is -11331 + -1310?
-13141
In base 16, what is -16c + f?
-15d
In base 14, what is 429 - a06?
-5bb
In base 6, what is 0 + 213011?
213011
In base 4, what is 112 - 11120320?
-11120202
In base 4, what is 32232 - 133?
32033
In base 13, what is 62b3c - 3?
62b39
In base 4, what is 123012231 - -3?
123012300
In base 11, what is 888 - -101?
989
In base 13, what is 8 + 1160?
1168
In base 15, what is 1 + -4dc4?
-4dc3
In base 12, what is 803 + 22b?
a32
In base 4, what is 103123 - -331?
110120
In base 15, what is -2 - 5a06?
-5a08
In base 5, what is 4 + 2314314?
2314323
In base 2, what is -110 + 111000010110010?
111000010101100
In base 15, what is -51 - -2059?
2008
In base 6, what is -3 + 3401314?
3401311
In base 13, what is -3aaa + -1c?
-3ac9
In base 7, what is -323304 + -10?
-323314
In base 10, what is -573000 - 5?
-573005
In base 7, what is 1206 + -6450?
-5241
In base 3, what is 102 - 1122122?
-1122020
In base 15, what is -3d - -52?
14
In base 3, what is 10000202 + -1200?
2222002
In base 4, what is 1100 - -110021?
111121
In base 10, what is 4 + 112565?
112569
In base 15, what is -9461c - -4?
-94618
In base 15, what is bd + 3e18?
3ed6
In base 15, what is 13d + -98e?
-851
In base 3, what is 101000122 - 2200?
100220222
In base 4, what is -302322 + 2?
-302320
In base 16, what is -5 - 1e42c?
-1e431
In base 3, what is -12212100 + 2010?
-12210020
In base 12, what is 248 - 105?
143
In base 9, what is -58 + 1248?
1180
In base 15, what is -7036 - -2?
-7034
In base 12, what is 99a - -64?
a42
In base 11, what is 5 - a0418?
-a0413
In base 15, what is 25c52 + -15?
25c3c
In base 12, what is -1614 + -4b?
-1663
In base 5, what is -10021 - -144?
-4322
In base 6, what is 15005 + -11125?
3440
In base 11, what is 1122 - -215?
1337
In base 3, what is -1011222 - -101?
-1011121
In base 2, what is -10111110 + -1111001010001?
-1111100001111
In base 10, what is -231185 + 5?
-231180
In base 9, what is -108277 + 2?
-108275
In base 15, what is 15 - -1bee?
1c14
In base 16, what is -345 - 74?
-3b9
In base 8, what is -135037 + -3?
-135042
In base 15, what is 5 + 166a?
1670
In base 11, what is 99120 - 4?
99117
In base 14, what is -45c - b3?
-531
In base 13, what is -47a - -33?
-447
In base 12, what is 126 + 121?
247
In base 16, what is 44d8 + -13?
44c5
In base 3, what is 211 + 1112102?
1120020
In base 12, what is -4 - -7774?
7770
In base 10, what is 2 - -36203?
36205
In base 10, what is -15622 + -114?
-15736
In base 15, what is 4 - -59b4?
59b8
In base 8, what is -1631170 - -5?
-1631163
In base 3, what is -111021221 - 10?
-111022001
In base 12, what is -3a01 + -5?
-3a06
In base 2, what is 10100 + -110010010000001?
-110010001101101
In base 13, what is 760a + -4?
7606
In base 12, what is 249a14 + -1?
249a13
In base 13, what is 4 + -11622?
-1161b
In base 11, what is 23 + 16001?
16024
In base 2, what is 10 + 1001011000000110?
1001011000001000
In base 3, what is -1111022111112 - 11?
-1111022111200
In base 6, what is 2 - 33051153?
-33051151
In base 13, what is 0 + 81b3?
81b3
In base 15, what is 6406 - 58?
639d
In base 8, what is -140446 + -2?
-140450
In base 2, what is 101111 + 1010100010?
1011010001
In base 9, what is -234 + 1204?
860
In base 15, what is -3e - 2a15?
-2a54
In base 2, what is 10000101110100001111110 - -11?
10000101110100010000001
In base 13, what is 992190 - 5?
992188
In base 8, what is -170 - 1032?
-1222
In base 8, what is 13 - -67124?
67137
In base 7, what is 1352 + -1241?
111
In base 16, what is 863 - -14a?
9ad
In base 10, what is -10 - -19735?
19725
In base 16, what is 3 + 0?
3
In base 16, what is -3 - -3658?
3655
In base 16, what is f + -248d?
-247e
In base 2, what is -10100010011000 - -10?
-10100010010110
In base 10, what is 1 + -12838?
-12837
In base 8, what is -5 - 16231?
-16236
In base 11, what is 73 + 372?
435
In base 9, what is 6313088 - -2?
6313101
In base 11, what is 53 - -99?
141
In base 6, what is -2 + 40123353?
40123351
In base 4, what is -103 + 13322222?
13322113
In base 12, what is 5 - -169105?
16910a
In base 13, what is -32a5bb - 6?
-32a5c4
In base 7, what is -256 + 42465?
42206
In base 16, what is -12 - 1886?
-1898
In base 13, what is 62 - -42?
a4
In base 9, what is 5 - 67075?
-67070
In base 13, what is 2 - -177943?
177945
In base 8, what is -131 + -32741?
-33072
In base 2, what is -1001011 - -1101011101?
1100010010
In base 16, what is -3bf + 61?
-35e
In base 16, what is -31 + -15d?
-18e
In base 14, what is -1bc0 + 6?
-1bb8
In base 15, what is 323 - 83d?
-51a
In base 12, what is -20 + aab?
a8b
In base 16, what is a + 2e63?
2e6d
In base 9, what is 46 + 36552?
36608
In base 4, what is 133002023 - 3?
133002020
In base 8, what is 2 - -20476?
20500
In base 4, what is 3 + -123131111?
-123131102
In base 2, what is -110111100000110 + -100?
-110111100001010
In base 10, what is 1980 - -69?
2049
In base 9, what is -3 + 63728?
63725
In base 14, what is b - 1c860?
-1c853
In base 10, what is 5 + -73510?
-73505
In base 3, what is -100020120012 - -2?
-100020120010
In base 13, what is 28c87 + 2?
28c89
In base 8, what is -4 + -535636?
-535642
In base 15, what is -30 - 23b8?
-23e8
In base 2, what is -10100010001010011 + -11?
-10100010001010110
In base 8, what is 2 + -173467?
-173465
In base 14, what is b - -27b1?
27bc
In base 8, what is -4 - 707461?
-707465
In base 8, what is -12116 + -205?
-12323
In base 8, what is 16 - 5674?
-5656
In base 3, what is 100110 + 122?
101002
In base 13, what is 185 - c?
176
In base 10, what is 34344 + -7?
34337
In base 16, what is 2 - 11ea3?
-11ea1
In base 11, what is 28 - -682?
6aa
In base 7, what is 222144 + 1?
222145
In base 6, what is -3 + 50052?
50045
In base 6, what is -20005 + -1312?
-21321
In base 15, what is -90 + d?
-82
In base 15, what is -3e + -313?
-352
In base 8, what is 1 + -1064022?
-1064021
In base 5, what is 1003202 + 1324?
1010031
In base 7, what is -560 - -1612?
1022
In base 16, what is 1 - -6ad8?
6ad9
In base 15, what is -246 - -28?
-21d
In base 6, what is -1530231 - 3?
-1530234
In base 16, what is -38f - 77?
-406
In base 11, what is 36 - -4a7?
532
In base 15, what is -3 + 37b01?
37aed
In base 6, what is 1 + -333132?
-333131
In base 6, what is 3 - 2122544?
-2122541
In base 12, what is b - -4b9?
508
In base 14, what is -1 - 711c?
-711d
In base 12, what is -1ab58 - 8?
-1ab64
In base 12, what is 3 + -b010a?
-b0107
In base 9, what is -10480 + -140?
-10630
In base 11, what is 2a733 + -9?
2a725
In base 11, what is 208 + 415?
622
In base 8, what is 10 + -1502?
-1472
In base 6, what is -2001 + 14302?
12301
In base 16, what is -893 + 1?
-892
In base 2, what is -10 + -1100110110010110?
-1100110110011000
In base 13, what is -17 + 1bc4a?
1bc33
In base 4, what is 23011 - -10330?
100001
In base 4, what is 3 + -122222?
-122213
In base 2, what is 10010101101010100 + 1?
10010101101010101
In base 5, what is -324 - -14111?
13232
In base 10, what is -587405 + -3?
-587408
In base 6, what is -30 + 30340?
30310
In base 15, what is -241d - 2?
-2420
In base 10, what is -2863044 - 5?
-2863049
In base 3, what is -21100020 